+ 73. What is the remainder when k is divided by 5/5 - -12 - -4?
9
Let z = 21 + -13. Suppose 50*b - 46*b - 152 = 0. Calculate the remainder when b is divided by z.
6
Let g = 4 + 1. Let v be 52 - (-7 + 3 - -2). Suppose -q + 76 = g*d - 4*q, 4*d - v = -q. Calculate the remainder when d is divided by 5.
4
Suppose 0 = -5*p - 3*u + 44, 3*u + 10 = 4*p - 9. What is the remainder when 16 is divided by p?
2
Suppose -232 + 247 = d. Calculate the remainder when 22 is divided by -16*(d/10 - 2).
6
Suppose 31*z = 42*z - 1199. What is the remainder when z is divided by 49?
11
Let w = 76 + -73. Suppose -w*j + 236 = 11. Suppose -4*m + 12 = 0, -2*c - 4*m + 38 = -c. Calculate the remainder when j is divided by c.
23
Suppose -4*q + 21 = -5*d, -13*q - 4*d - 12 = -15*q. Let p = -12 - -7. Let t = 9 - p. Calculate the remainder when t is divided by q.
2
Suppose 0 = -4*b + 11*c - 6*c + 169, 4*b + 3*c = 193. What is the remainder when 367 is divided by b?
45
Let p be 1/(-5) + 3249/45. Suppose 204 = 5*w + 4*x, -3*w + w = 4*x - p. What is the remainder when w is divided by (-1)/(-2)*6*3?
8
Let o(u) = 380*u**3 - 3*u**2 + u + 1. Calculate the remainder when o(1) is divided by 10.
9
Calculate the remainder when 105 is divided by 1*(2*-150)/(-10).
15
Let i = -247 + 555. What is the remainder when i is divided by 31?
29
Suppose i + 30 = 72. Calculate the remainder when i is divided by 18.
6
Suppose 3*p - 2*n = 43, 3*n + 40 - 1 = 3*p. What is the remainder when 31 is divided by p?
14
Let l = -263 - -297. Calculate the remainder when 95 is divided by l.
27
Suppose -m - 3*r + 21 = 0, 5*m - 6*r = -8*r + 105. Calculate the remainder when 138 is divided by m.
12
Let h = 33 - 30. Let v(m) = -m**3 + 3*m**2 + 5*m - 4. What is the remainder when v(h) is divided by 2?
1
Let y = -124 + 120. What is the remainder when 32 is divided by (2 - 6) + (-44)/y?
4
Let x(u) = u**3 - 2*u**2 + 6*u - 14. Calculate the remainder when 115 is divided by x(4).
31
Let m(c) = -3*c**3 - c**2 - 4*c - 3. Let a be -2 + 4 - (2 + -2 + 3). What is the remainder when 5 is divided by m(a)?
2
Let w = 46 - 43. Suppose 0 = s - 5*c - 28, -4*s - 2*c = s - 5. Suppose 5*m = 3*q - 15, -s*q - m + 15 = 4*m. Calculate the remainder when q is divided by w.
2
Suppose 0 = -4*f - 4*n + 224, 4*f - 6*n + n - 206 = 0. Suppose 11*i - 8*i - f = 0. What is the remainder when 28 is divided by i?
10
Suppose 0 = -7*s + 3*s + 28. Suppose -1 = -2*m - 5, 2*m = 3*b - 1. What is the remainder when s is divided by 1 + 0 - (-1 + b)?
1
Let g(v) = 17*v**2 + 9*v - 13. Let x be g(4). Suppose 0 = 4*r - 4*d - 224, 0 = -3*r + d + x - 117. Calculate the remainder when r is divided by 16.
13
Suppose 4 = a + 1. Suppose -2*n + c = -37, 6*c - c = -5. Suppose -2*o - n = -2*v, -o + 8 + 3 = v. What is the remainder when v is divided by a?
1
Let d(p) = 3*p - 17. Let i be d(4). What is the remainder when (-2)/5 + (-637)/i + -2 is divided by 21?
20
Suppose 3*n = j - 49, 77*n - 79*n = 2*j - 66. What is the remainder when j is divided by 20?
17
Let p(z) = 4*z**2 - 5*z - 4. Let o be p(4). Suppose 37*t = o*t - 57. What is the remainder when 90 is divided by t?
14
Let g = -78 + 83. Calculate the remainder when 87 is divided by (g/(-20))/(5/8)*-75.
27
Suppose 36 = 38*q - 29*q. Calculate the remainder when 43 is divided by q.
3
Suppose -l + 2*l - 5*x = -11, -4*l + 66 = 2*x. Calculate the remainder when 41 is divided by l.
13
Calculate the remainder when -7 + (-9 - (-1785)/5) is divided by 43.
40
Let r = -7 + -2. Let x(w) = w + 17. Suppose 4*s - 12 = -4*y + 68, 24 = s - 3*y. What is the remainder when s is divided by x(r)?
5
Suppose -4*z + 6*z - 10 = 0, 5*u + 3*z = 150. Calculate the remainder when 62 is divided by u.
8
Let k = 332 + -300. What is the remainder when 127 is divided by k?
31
Suppose 866 = -3*v + 893. Let f(d) = 34*d**2 - 1. Calculate the remainder when f(-1) is divided by v.
6
Suppose 2*j + 2*s - 127 = -31, -4*j + 5*s + 192 = 0. Calculate the remainder when j is divided by 26.
22
Let z(n) = n**3 - 3*n**2 - 4. Suppose 0 = 5*b - 0*b - 15. Let i be z(b). Let o = i + 11. What is the remainder when 26 is divided by o?
5
Let u = 16 + -11. Suppose 0 = 5*y + 4*o - 620, u*y - 711 = 5*o - 46. Suppose -5*d - y = -9*d. Calculate the remainder when d is divided by 11.
10
Let v be 9 - 8 - 1*-8. Suppose 0 = 2*l - 107 + v. Let s = l + -27. What is the remainder when 63 is divided by s?
19
Let o(z) = z**2 + 4*z - 2. Let g(w) = 3*w + 12. Let f be g(-6). Calculate the remainder when o(3) is divided by (-64)/f + 4/12.
8
Let z(y) = 42*y**2 + 253*y + 3. Calculate the remainder when z(-7) is divided by 76.
62
Suppose 280 = 5*a - 5*o, 3*o - 9 = -a + 31. What is the remainder when a is divided by 8?
4
Let n be (-2)/(-7) + (-2000)/(-56). Let w = n + -28. Suppose 2*l + 4*o - 26 = 0, -4*l = -5*l + 4*o + 13. Calculate the remainder when l is divided by w.
5
Let t be 2/(-1) + (-1 - -27). Suppose 2*s + 34 = 3*k, s - t = -3*k - 2*s. Let d = 12 - -23. Calculate the remainder when d is divided by k.
5
Let k be 40/3*(-12)/(-10). Let i = k - 68. Let n = i - -91. Calculate the remainder when n is divided by 14.
11
Suppose -4*c = 2*n - 96, -3*c - n = -46 - 25. Let v(u) = -u**3 + 8*u**2 + 4*u + 11. Calculate the remainder when v(8) is divided by c.
20
Let l be (-900)/110 - (-4)/22. Let i = 36 - l. What is the remainder when i is divided by 9?
8
Let q = 109 + -166. Let o = -26 - q. Calculate the remainder when o is divided by (1/(-2))/((-1)/22).
9
Let u(c) = 5*c**2 - 12*c + 35. Calculate the remainder when u(6) is divided by 38.
29
Let o be (-786)/(-24) + (-1)/(-4). Suppose 93 = -30*v + o*v. What is the remainder when 123 is divided by v?
30
Suppose k - q = 6*k - 265, 212 = 4*k - 4*q. Let h(l) = -l**3 + 5*l**2 + 42*l - 26. What is the remainder when k is divided by h(9)?
25
Suppose 0 = -2*d - 229 + 275. Calculate the remainder when d is divided by 12.
11
Let l = 3 - -8. Calculate the remainder when l + 29 - 2*-1 is divided by 11.
9
Suppose 4*h = -r - 3*r + 120, -5*r + h = -162. Calculate the remainder when 162 is divided by r.
2
What is the remainder when -472*9/(-144)*2 is divided by (-428)/(-28) - (-4)/(-14)?
14
Let u(g) = 618 + 3*g - 648 - 11*g + g**2. Calculate the remainder when u(16) is divided by 25.
23
Let r be 7/(35/15) - -1. Suppose -r*p + 2*f + 256 = 0, -2*f = 3*p - 5*p + 130. What is the remainder when p is divided by 33?
30
Suppose -1 = 2*f - 119. Let n = 161 - 146. What is the remainder when f is divided by n?
14
Suppose -39*s = -47*s + 456. Calculate the remainder when 280 is divided by s.
52
Let n(d) = 2*d**3 + 66*d**2 - 57*d + 34. Let u(c) = c**3 + 22*c**2 - 19*c + 11. Let k(r) = 3*n(r) - 8*u(r). What is the remainder when k(10) is divided by 5?
4
Suppose 0 = -51*g + 59*g - 4400. Calculate the remainder when g is divided by 79.
76
What is the remainder when (5814/(-228))/(-1*6/16) is divided by 15?
8
Let l(j) = -4*j**3 - 4*j**2 - 2*j + 3. Let q be l(-2). Suppose 0 = 4*r - 29 - q. What is the remainder when 47 is divided by r?
8
Suppose -2*i - 1 = 3*z - 3, -5*z - 5*i = 5. Suppose 2*x = -3*n + 235, z*x + 4*n = n + 479. Calculate the remainder when x is divided by 25.
22
Let z(h) = -6*h + 9. Let l(j) = j**3 + 18*j**2 + 18*j + 14. Let w be l(-17). What is the remainder when 160 is divided by z(w)?
25
Let r = -422 - -440. Let a(s) = s**3 + s + 35. Let f = 5 + -5. Calculate the remainder when a(f) is divided by r.
17
Suppose 2*f = h - 35, 0 = -3*h - h - f + 113. Let n = 56 - h. What is the remainder when n is divided by 380/57 - (4/6 + -1)?
6
Suppose -2150 = -98*p + 93*p - 5*u, 5*u = 4*p - 1702. Calculate the remainder when p is divided by 10.
8
What is the remainder when 203 is divided by 105/2 + 20/8?
38
Let x(k) = k**2 + 4*k + 4. Let y be x(-3). Let s(t) = 2*t**3 - 4*t**2 - 7*t + 13. What is the remainder when (-26 + y + -2)*-1 is divided by s(3)?
7
Let i be (-385)/25 + 6/15. Let n = i + 17. Suppose 4*d - n = 50. Calculate the remainder when 24 is divided by d.
11
Suppose 0 = 20*a - 1060 - 60. What is the remainder when -1*(10 + -4)*a/(-6) is divided by 29?
27
Let i = 2 - 0. Suppose 0 = n + 4, 0 = -y + 6*n - 2*n + 18. Suppose -2*c + 189 = 5*a, -y*a = -i*c - 0*c + 154. Calculate the remainder when c is divided by 21.
19
Let j(i) be the second derivative of i**5/20 + 7*i**4/12 + i